is -10220101021 + 10220?
-10220020101
In base 15, what is -156ab - -69?
-15642
In base 15, what is -548 - ad00e?
-ad557
In base 5, what is -4310111320 - -3?
-4310111312
In base 10, what is -131143 + 663?
-130480
In base 14, what is 3 - d5b1cd4?
-d5b1cd1
In base 9, what is -26 - -20378622?
20378585
In base 7, what is 54651 + -424?
54224
In base 12, what is 682245 + -9?
682238
In base 5, what is -342322300 + -42?
-342322342
In base 4, what is -23030122 + 3130002?
-13300120
In base 10, what is 4 - -7759112?
7759116
In base 13, what is -256b - 4959?
-71c7
In base 14, what is -2 + 21150d3?
21150d1
In base 14, what is 4305 - -3c54?
8159
In base 3, what is 12 - 22002200220?
-22002200201
In base 3, what is 120 - 112200111200?
-112200111010
In base 5, what is -313433330 + 3301?
-313430024
In base 2, what is -10001100101001 + -10010010?
-10001110111011
In base 7, what is -1400366 + 2101?
-1365265
In base 10, what is 100 - -123425?
123525
In base 13, what is -158 - -28ab7?
2895c
In base 13, what is 57 + -530488?
-530431
In base 15, what is 1ca9e + 23e?
1ccdd
In base 6, what is 3 - 21122301501?
-21122301454
In base 16, what is 15c6294 + -2?
15c6292
In base 7, what is 23 - -6641031?
6641054
In base 13, what is 7320900 + 5?
7320905
In base 6, what is -200 - 3104230?
-3104430
In base 7, what is 140 + -1556366?
-1556226
In base 5, what is -10423 - -2323434?
2313011
In base 9, what is 11043 - 146386?
-135343
In base 4, what is 110212 + -133202?
-22330
In base 7, what is -356050653 - -1?
-356050652
In base 4, what is 11322030322021 - 32?
11322030321323
In base 3, what is 1001202212220102 - 100?
1001202212220002
In base 5, what is -2 + -4403040332?
-4403040334
In base 8, what is 24214727 + 6?
24214735
In base 6, what is -1032103 - -1402?
-1030301
In base 12, what is 2 + -890161?
-89015b
In base 4, what is 11322330 + 133312?
12122302
In base 7, what is 12 + 54103603?
54103615
In base 12, what is 27 - 7714?
-76a9
In base 4, what is 300313133300 - -3?
300313133303
In base 9, what is 102363 + 205?
102568
In base 15, what is 27d6 + -145b?
137a
In base 8, what is 141 + -231173?
-231032
In base 9, what is 4425827 - 171?
4425646
In base 6, what is -522 + 150441444?
150440522
In base 14, what is -4 + 849aa8?
849aa4
In base 4, what is 1321 + 30010132?
30012113
In base 9, what is -1301 - -2644322?
2643021
In base 14, what is -4a7749 + 126?
-4a7623
In base 13, what is -76b2 - 28c28?
-3360a
In base 9, what is 87 + 1187628?
1187726
In base 16, what is b748 - -1d55?
d49d
In base 16, what is 74ca13 - -4?
74ca17
In base 13, what is 1a77 + -4a191?
-48417
In base 2, what is -11 - 111101001110100100110100?
-111101001110100100110111
In base 9, what is -2 + 387232240?
387232237
In base 9, what is 4572080 + -1?
4572078
In base 13, what is 31099 - -1b?
310b7
In base 15, what is -56dd6944 + -1?
-56dd6945
In base 3, what is -12200012 - 12110121?
-102010210
In base 16, what is -96 + -abffb?
-ac091
In base 3, what is 1022102 + 100100101?
101122210
In base 10, what is -661 + 10335?
9674
In base 14, what is -ca9 + -d13?
-1bbc
In base 10, what is 1153624 - 57?
1153567
In base 10, what is -2995666 + 1?
-2995665
In base 2, what is -11000000100011 - 111011011011?
-11111011111110
In base 11, what is 16512 - 19?
164a4
In base 14, what is b59d3 + -59a?
b5437
In base 2, what is 1001011100001 + -1100111000100?
-11011100011
In base 14, what is -72b64b - -17?
-72b634
In base 15, what is 3b8 + c206?
c5be
In base 7, what is 150645320 - -5?
150645325
In base 11, what is 20 + 423a9?
42419
In base 16, what is 35 + 54cbb?
54cf0
In base 11, what is 105711 - -10?
105721
In base 3, what is -2021 + -1022122121211?
-1022122201002
In base 7, what is -1113520611 - -23?
-1113520555
In base 4, what is 3221002100 + -2?
3221002032
In base 6, what is 414204 - -51025?
505233
In base 10, what is -4528 - 899?
-5427
In base 6, what is -1154110112 - 5?
-1154110121
In base 8, what is 203 + -4037463?
-4037260
In base 5, what is 2230243 + -4024?
2221214
In base 6, what is 13 - -1433114?
1433131
In base 4, what is -1033310301320 - -10?
-1033310301310
In base 14, what is -160 - -98d74?
98c14
In base 6, what is -1554 + -22222044?
-22224042
In base 14, what is -36da + 34a?
-3390
In base 9, what is -1054 - 30053?
-31117
In base 12, what is 11508a3 - 4?
115089b
In base 10, what is 1518 + 3142?
4660
In base 2, what is -10001111110100101011 + -1010001011?
-10001111111110110110
In base 8, what is -14 - -46571033?
46571017
In base 13, what is 3 + -1216bcb?
-1216bc8
In base 3, what is 2 - -12111212121200?
12111212121202
In base 4, what is -33321 - -22211123?
22111202
In base 11, what is 3 + -1671a0a?
-1671a07
In base 16, what is 591079 - -55?
5910ce
In base 6, what is -20334 + -144512?
-205250
In base 3, what is -12112211 - -121120?
-11221021
In base 12, what is 0 + 58b93b7?
58b93b7
In base 11, what is 10 + -297293?
-297283
In base 14, what is 2365772 - 6?
236576a
In base 14, what is -3c + -35910?
-3594c
In base 11, what is -136a - -74877?
73508
In base 6, what is -3120100444 - -4?
-3120100440
In base 8, what is 13215656 + -107?
13215547
In base 2, what is 1 + -11011111111001101011?
-11011111111001101010
In base 3, what is 1100 + -1220000021?
-1212221221
In base 3, what is 202211120220212 + -11?
202211120220201
In base 9, what is 20752002 + 4?
20752006
In base 14, what is 5 - 195a6106?
-195a6101
In base 6, what is -1 - -12535134140?
12535134135
In base 9, what is 2445620 + 58?
2445678
In base 5, what is 11 - -21422131?
21422142
In base 5, what is -3421403 + 32?
-3421321
In base 11, what is -a6 + 222231?
222136
In base 15, what is 3 + 12b0b4a2?
12b0b4a5
In base 7, what is -114 - 220464?
-220611
In base 12, what is -12265901 - -2?
-122658bb
In base 5, what is -211 - 21010403?
-21011114
In base 3, what is -101111121001 - -10101?
-101111110200
In base 3, what is 112 + 110020011111?
110020012000
In base 16, what is -156 - 578f?
-58e5
In base 9, what is 105607 - 1340?
104257
In base 12, what is -12563 + -39?
-125a0
In base 7, what is -105 - -4120434?
4120326
In base 3, what is -1211 - -10010021001212?
10010021000001
In base 12, what is 8b07820 + 1?
8b07821
In base 4, what is 3 - -1321330311202?
1321330311211
In base 8, what is -2543 - -2150666?
2146123
In base 6, what is -105 - -4025523?
4025414
In base 3, what is -112 - -1212100111?
1212022222
In base 15, what is -ae0 + -2758?
-3348
In base 3, what is -1020221 - 122111021?
-200202012
In base 2, what is 10101110011011000100000 + 10010?
10101110011011000110010
In base 11, what is 1329 + -1a55a?
-19231
In base 15, what is 2 + -115734?
-115732
In base 10, what is 124496100 - -4?
124496104
In base 4, what is -3211300 + 12323?
-3132311
In base 4, what is -13211 - 2120220110?
-2120233321
In base 4, what is -111123 - -20321332?
20210203
In base 14, what is -3 - d8690?
-d8693
In base 2, what is 101110100001000 - 10101?
101110011110011
In base 2, what is -1110101110101100 - 100000000?
-1110110010101100
In base 7, what is -46516443 - -241?
-46516202
In base 16, what is fd3 - -c044?
d017
In base 3, what is 10012112221 - -1210101?
10021100022
In base 7, what is 42 - -1200545?
1200620
In base 9, what is -623853 + 556?
-623286
In base 13, what is 103 + 10101?
10204
In base 5, what is 11030 + -12343134?
-12332104
In base 15, what is 2 - 5d1905?
-5d1903
In base 14, what is -9003 - -318b?
-5c56
In base 4, what is 3321 - -13322130?
13332111
In base 3, what is -1011 + -12022111000?
-12022112011
In base 13, what is 42 + 48b6c74?
48b6cb6
In base 15, what is -29b8d + -2?
-29b90
In base 14, what is 40bb9b7d + 0?
40bb9b7d
In base 5, what is 2324 + 2330000300?
2330003124
In base 10, what is -1063914 + -28?
-1063942
In base 16, what is -32 + -11837?
-11869
In base 14, what is 6 - -782135d?
7821365
In base 14, what is -2874d50 - a?
-2874d5a
In base 12, what is -275654 - 61?
-2756b5
In base 13, what is 48078 - 2a47?
45331
In base 6, what is -1405425420 - 4?
-1405425424
In base 2, what is -10111110000100 - -11001111111000?
10001110100
In base 14, what is -ad8 + -9d57?
-aa51
In base 2, what is -111010110111111000 + -11?
-111010110111111011
In base 2, what is 10100001100110 + 101100010?
10100111001000
In base 12, what is 4 - 163a209?
-163a205
In base 14, what is -40 - 24406?
-24446
In base 3, what is -1020220022111 + 10